{"id":118,"date":"2025-10-09T19:40:54","date_gmt":"2025-10-09T17:40:54","guid":{"rendered":"http:\/\/anikar.pl\/?page_id=118"},"modified":"2026-02-08T16:04:15","modified_gmt":"2026-02-08T15:04:15","slug":"gpr-anikar-mazury","status":"publish","type":"page","link":"http:\/\/anikar.pl\/?page_id=118","title":{"rendered":"Grupa Poszukiwawczo-Ratownicza ANIKAR Mazury"},"content":{"rendered":"\n<div class=\"wp-block-media-text is-stacked-on-mobile\" style=\"grid-template-columns:30% auto\"><figure class=\"wp-block-media-text__media\"><img loading=\"lazy\" decoding=\"async\" width=\"316\" height=\"316\" src=\"http:\/\/anikar.pl\/wp-content\/uploads\/2025\/10\/1000046679.png\" alt=\"\" class=\"wp-image-164 size-full\" srcset=\"http:\/\/anikar.pl\/wp-content\/uploads\/2025\/10\/1000046679.png 316w, http:\/\/anikar.pl\/wp-content\/uploads\/2025\/10\/1000046679-300x300.png 300w, http:\/\/anikar.pl\/wp-content\/uploads\/2025\/10\/1000046679-150x150.png 150w\" sizes=\"auto, (max-width: 316px) 100vw, 316px\" \/><\/figure><div class=\"wp-block-media-text__content\">\n<p>GRUPA POSZUKIWAWCZO-RATOWNICZA ANIKAR powsta\u0142a na mocy uchwa\u0142y Zarz\u0105du Fundacji ANIKAR nr. 3\/03\/2021z dnia 06 03 2021 r<\/p>\n\n\n\n<p>Pierwszym naczelnikiem GPR ANIKAR zosta\u0142 Micha\u0142 Lipowski a grupa liczy\u0142a po pierwszej rekrutacji prawie 15 os\u00f3b z po\u015br\u00f3d mieszka\u0144c\u00f3w  E\u0142ku oraz stra\u017cak\u00f3w Gminy E\u0142k , g\u0142\u00f3wnie z miejscowo\u015bci Che\u0142chy.<\/p>\n<\/div><\/div>\n\n\n\n<figure class=\"wp-block-gallery has-nested-images columns-default is-cropped wp-block-gallery-1 is-layout-flex wp-block-gallery-is-layout-flex\">\n<figure class=\"wp-block-image size-large\"><img loading=\"lazy\" decoding=\"async\" width=\"461\" height=\"1024\" data-id=\"241\" src=\"http:\/\/anikar.pl\/wp-content\/uploads\/2025\/10\/475153639_962685392593291_701294935876899779_n-461x1024.jpg\" alt=\"\" class=\"wp-image-241\" srcset=\"http:\/\/anikar.pl\/wp-content\/uploads\/2025\/10\/475153639_962685392593291_701294935876899779_n-461x1024.jpg 461w, http:\/\/anikar.pl\/wp-content\/uploads\/2025\/10\/475153639_962685392593291_701294935876899779_n-135x300.jpg 135w, http:\/\/anikar.pl\/wp-content\/uploads\/2025\/10\/475153639_962685392593291_701294935876899779_n-768x1706.jpg 768w, http:\/\/anikar.pl\/wp-content\/uploads\/2025\/10\/475153639_962685392593291_701294935876899779_n-692x1536.jpg 692w, http:\/\/anikar.pl\/wp-content\/uploads\/2025\/10\/475153639_962685392593291_701294935876899779_n.jpg 922w\" sizes=\"auto, (max-width: 461px) 100vw, 461px\" \/><\/figure>\n\n\n\n<figure class=\"wp-block-image size-large\"><img loading=\"lazy\" decoding=\"async\" width=\"1024\" height=\"768\" data-id=\"242\" src=\"http:\/\/anikar.pl\/wp-content\/uploads\/2025\/10\/476077018_968711911990639_8844923672884178705_n.jpg\" alt=\"\" class=\"wp-image-242\" srcset=\"http:\/\/anikar.pl\/wp-content\/uploads\/2025\/10\/476077018_968711911990639_8844923672884178705_n.jpg 1024w, http:\/\/anikar.pl\/wp-content\/uploads\/2025\/10\/476077018_968711911990639_8844923672884178705_n-300x225.jpg 300w, http:\/\/anikar.pl\/wp-content\/uploads\/2025\/10\/476077018_968711911990639_8844923672884178705_n-768x576.jpg 768w\" sizes=\"auto, (max-width: 1024px) 100vw, 1024px\" \/><\/figure>\n\n\n\n<figure class=\"wp-block-image size-large\"><img loading=\"lazy\" decoding=\"async\" width=\"1003\" height=\"1024\" data-id=\"410\" src=\"http:\/\/anikar.pl\/wp-content\/uploads\/2026\/02\/v2-1003x1024.jpg\" alt=\"\" class=\"wp-image-410\" srcset=\"http:\/\/anikar.pl\/wp-content\/uploads\/2026\/02\/v2-1003x1024.jpg 1003w, http:\/\/anikar.pl\/wp-content\/uploads\/2026\/02\/v2-294x300.jpg 294w, http:\/\/anikar.pl\/wp-content\/uploads\/2026\/02\/v2-768x784.jpg 768w, http:\/\/anikar.pl\/wp-content\/uploads\/2026\/02\/v2.jpg 1361w\" sizes=\"auto, (max-width: 1003px) 100vw, 1003px\" \/><\/figure>\n<\/figure>\n\n\n\n<p>Od czasu powstania GPR ratownicy mieli zawsze do dyspozycji mobilne centrum koordynacji poszukiwa\u0144, w tym \u015brodki \u0142\u0105czno\u015bci, GPS GARMIN i system powiadomienia. Na przestrzeni lat zmieni\u0142y si\u0119 standardy prowadzenia poszukiwa\u0144 i akcji ratowniczych przez cywilne grupy poszukiwawczo &#8211; ratownicze i w chwili obecnej GPR ANIKAR pracuje w zakresie poszukiwa\u0144 na systemie SIRON.<\/p>\n\n\n\n<div class=\"wp-block-media-text has-media-on-the-right is-stacked-on-mobile\" style=\"grid-template-columns:auto 20%\"><div class=\"wp-block-media-text__content\">\n<p>W roku 2025 Fundacja ANIKAR mia\u0142a zaszczyt zosta\u0107 jednym z cz\u0142onk\u00f3w za\u0142o\u017cycieli Zwi\u0105zku Cywilnych Grup Poszukiwawczo &#8211; Ratowniczych Rzeczpospolitej Polskiej.<\/p>\n<\/div><figure class=\"wp-block-media-text__media\"><img loading=\"lazy\" decoding=\"async\" width=\"548\" height=\"596\" src=\"http:\/\/anikar.pl\/wp-content\/uploads\/2025\/10\/Obrazek-62.jpeg\" alt=\"\" class=\"wp-image-218 size-full\" srcset=\"http:\/\/anikar.pl\/wp-content\/uploads\/2025\/10\/Obrazek-62.jpeg 548w, http:\/\/anikar.pl\/wp-content\/uploads\/2025\/10\/Obrazek-62-276x300.jpeg 276w\" sizes=\"auto, (max-width: 548px) 100vw, 548px\" \/><\/figure><\/div>\n\n\n\n<p>Czas i specyfika dzia\u0142a\u0144 pokaza\u0142y, \u017ce niezb\u0119dne jest przystosowanie posiadanego sprz\u0119tu do nowych reali, w roku 2025 zestaw STARLINK i  w planie jest dron DJI z kamer\u0105 termowizyjn\u0105 i zestawem &#8222;niezb\u0119dnych akcesori\u00f3w&#8221; . Zesp\u00f3\u0142 coraz cz\u0119\u015bciej dzi\u0119ki zaawansowanej technologii i wyszkolonym na wysokim poziomie ratownikom odnosi liczne sukcesy w terenie. <\/p>\n","protected":false},"excerpt":{"rendered":"<p>GRUPA POSZUKIWAWCZO-RATOWNICZA ANIKAR powsta\u0142a na mocy uchwa\u0142y Zarz\u0105du Fundacji ANIKAR nr. 3\/03\/2021z dnia 06 03 2021 r Pierwszym naczelnikiem GPR ANIKAR zosta\u0142 Micha\u0142 Lipowski a grupa liczy\u0142a po pierwszej rekrutacji prawie 15 os\u00f3b z po\u015br\u00f3d mieszka\u0144c\u00f3w E\u0142ku oraz stra\u017cak\u00f3w Gminy E\u0142k , g\u0142\u00f3wnie z miejscowo\u015bci Che\u0142chy. Od czasu powstania GPR ratownicy mieli zawsze do dyspozycji [&hellip;]<\/p>\n","protected":false},"author":1,"featured_media":0,"parent":0,"menu_order":0,"comment_status":"closed","ping_status":"closed","template":"","meta":{"footnotes":""},"class_list":["post-118","page","type-page","status-publish","hentry"],"_links":{"self":[{"href":"http:\/\/anikar.pl\/index.php?rest_route=\/wp\/v2\/pages\/118","targetHints":{"allow":["GET"]}}],"collection":[{"href":"http:\/\/anikar.pl\/index.php?rest_route=\/wp\/v2\/pages"}],"about":[{"href":"http:\/\/anikar.pl\/index.php?rest_route=\/wp\/v2\/types\/page"}],"author":[{"embeddable":true,"href":"http:\/\/anikar.pl\/index.php?rest_route=\/wp\/v2\/users\/1"}],"replies":[{"embeddable":true,"href":"http:\/\/anikar.pl\/index.php?rest_route=%2Fwp%2Fv2%2Fcomments&post=118"}],"version-history":[{"count":10,"href":"http:\/\/anikar.pl\/index.php?rest_route=\/wp\/v2\/pages\/118\/revisions"}],"predecessor-version":[{"id":411,"href":"http:\/\/anikar.pl\/index.php?rest_route=\/wp\/v2\/pages\/118\/revisions\/411"}],"wp:attachment":[{"href":"http:\/\/anikar.pl\/index.php?rest_route=%2Fwp%2Fv2%2Fmedia&parent=118"}],"curies":[{"name":"wp","href":"https:\/\/api.w.org\/{rel}","templated":true}]}}